the prime factors of 78961.
281
What are the prime factors of 968207?
977, 991
List the prime factors of 196439.
196439
List the prime factors of 331805.
5, 66361
List the prime factors of 1012228.
2, 7, 36151
List the prime factors of 250317.
3, 73, 127
List the prime factors of 335812.
2, 37, 2269
What are the prime factors of 5450782?
2, 29, 93979
What are the prime factors of 299397?
3, 7, 53, 269
List the prime factors of 20845275.
3, 5, 11, 2297
List the prime factors of 628467.
3, 7, 29927
What are the prime factors of 4761659?
7, 680237
List the prime factors of 1214842.
2, 607421
List the prime factors of 1642169.
239, 6871
What are the prime factors of 768347?
768347
List the prime factors of 3307624.
2, 29, 53, 269
List the prime factors of 106861.
106861
What are the prime factors of 7600399?
19, 307, 1303
What are the prime factors of 2923094?
2, 83, 17609
What are the prime factors of 23521670?
2, 5, 127, 18521
List the prime factors of 5823842.
2, 19, 153259
List the prime factors of 8266508.
2, 29, 71263
List the prime factors of 244687.
244687
List the prime factors of 642206.
2, 23, 607
List the prime factors of 237838.
2, 109, 1091
What are the prime factors of 431839?
29, 14891
What are the prime factors of 24139438?
2, 12069719
List the prime factors of 328328.
2, 7, 11, 13, 41
What are the prime factors of 2311010?
2, 5, 13, 29, 613
List the prime factors of 1471547.
7, 11, 29, 659
List the prime factors of 515345.
5, 103069
List the prime factors of 24751.
53, 467
List the prime factors of 194432.
2, 7, 31
What are the prime factors of 443215?
5, 88643
What are the prime factors of 242914?
2, 7, 17351
List the prime factors of 23916006.
2, 3, 211, 2099
List the prime factors of 1002910.
2, 5, 100291
List the prime factors of 5480936.
2, 17, 191, 211
What are the prime factors of 312121?
312121
What are the prime factors of 418474?
2, 7, 71, 421
What are the prime factors of 3450420?
2, 3, 5, 29, 661
What are the prime factors of 13174432?
2, 541, 761
What are the prime factors of 25609127?
59, 89, 4877
What are the prime factors of 181366?
2, 29, 53, 59
What are the prime factors of 944546?
2, 472273
What are the prime factors of 1854063?
3, 68669
What are the prime factors of 17702109?
3, 1966901
What are the prime factors of 665141?
665141
What are the prime factors of 7080481?
23, 83, 3709
List the prime factors of 16017006.
2, 3, 349, 7649
What are the prime factors of 15978819?
3, 211, 25243
What are the prime factors of 1294092?
2, 3, 103, 349
What are the prime factors of 313658?
2, 31, 5059
What are the prime factors of 94038?
2, 3, 7, 2239
What are the prime factors of 257702?
2, 269, 479
What are the prime factors of 2441865?
3, 5, 162791
What are the prime factors of 2098059?
3, 179, 3907
List the prime factors of 2435749.
2435749
What are the prime factors of 26414014?
2, 11, 1200637
List the prime factors of 4397686.
2, 2198843
What are the prime factors of 3014691?
3, 197, 5101
List the prime factors of 11050215.
3, 5, 11, 193, 347
What are the prime factors of 234545?
5, 61, 769
What are the prime factors of 3203815?
5, 103, 6221
List the prime factors of 669324.
2, 3, 17, 193
What are the prime factors of 4410100?
2, 5, 44101
What are the prime factors of 7648041?
3, 31, 82237
List the prime factors of 2015274.
2, 3, 335879
List the prime factors of 2632103.
673, 3911
What are the prime factors of 1664074?
2, 521, 1597
List the prime factors of 32415317.
11, 281, 10487
List the prime factors of 1081408.
2, 61, 277
What are the prime factors of 1125507?
3, 375169
List the prime factors of 638328.
2, 3, 26597
What are the prime factors of 109033?
107, 1019
What are the prime factors of 9580319?
7, 1368617
List the prime factors of 175865.
5, 17, 2069
What are the prime factors of 333280?
2, 5, 2083
What are the prime factors of 628109?
227, 2767
List the prime factors of 280244.
2, 70061
What are the prime factors of 6442326?
2, 3, 11, 32537
What are the prime factors of 319584?
2, 3, 3329
List the prime factors of 7796044.
2, 61, 89, 359
What are the prime factors of 206462?
2, 103231
List the prime factors of 16247188.
2, 163, 24919
List the prime factors of 329066.
2, 41, 4013
What are the prime factors of 233233?
7, 11, 13, 233
What are the prime factors of 2130674?
2, 7, 13, 23, 509
List the prime factors of 547955.
5, 29, 3779
What are the prime factors of 6864979?
11, 624089
What are the prime factors of 28114?
2, 14057
List the prime factors of 212787.
3, 37, 71
List the prime factors of 6193831.
7, 17, 23, 31, 73
What are the prime factors of 422081?
11, 38371
List the prime factors of 5891005.
5, 1178201
List the prime factors of 597483.
3, 22129
List the prime factors of 3691991.
47, 78553
What are the prime factors of 1242311?
7, 177473
List the prime factors of 11432550.
2, 3, 5, 199, 383
List the prime factors of 3184513.
3184513
What are the prime factors of 2925728?
2, 13, 541
What are the prime factors of 18845189?
11, 103, 16633
What are the prime factors of 16456250?
2, 5, 2633
List the prime factors of 2616956.
2, 89, 7351
What are the prime factors of 526515?
3, 5, 11, 3191
What are the prime factors of 2927550?
2, 3, 5, 29, 673
List the prime factors of 10649031.
3, 3549677
What are the prime factors of 2237122?
2, 79, 14159
List the prime factors of 116467.
13, 17, 31
What are the prime factors of 998151?
3, 7, 11, 29, 149
List the prime factors of 9043540.
2, 5, 11, 37, 101
List the prime factors of 7248196.
2, 19, 283, 337
List the prime factors of 403031.
31, 13001
What are the prime factors of 190794?
2, 3, 31799
What are the prime factors of 1069075?
5, 7, 41, 149
What are the prime factors of 302496?
2, 3, 23, 137
What are the prime factors of 75242?
2, 17, 2213
List the prime factors of 2150583.
3, 716861
What are the prime factors of 2353553?
29, 81157
List the prime factors of 35154.
2, 3, 7, 31
What are the prime factors of 25370068?
2, 6342517
List the prime factors of 983905.
5, 13, 15137
What are the prime factors of 522994?
2, 19, 13763
List the prime factors of 14985.
3, 5, 37
List the prime factors of 5853497.
13, 193, 2333
List the prime factors of 3330361.
31, 53, 2027
What are the prime factors of 205566?
2, 3, 34261
List the prime factors of 22698822.
2, 3, 29, 191, 683
What are the prime factors of 481781?
23, 20947
What are the prime factors of 15690?
2, 3, 5, 523
What are the prime factors of 445076?
2, 111269
What are the prime factors of 280468?
2, 70117
List the prime factors of 10322191.
11, 109, 8609
What are the prime factors of 200157?
3, 137, 487
List the prime factors of 25572201.
3, 229, 37223
What are the prime factors of 469748?
2, 117437
What are the prime factors of 4950310?
2, 5, 163, 3037
List the prime factors of 3451640.
2, 5, 86291
What are the prime factors of 699771?
3, 17, 13721
What are the prime factors of 2341638?
2, 3, 13, 10007
What are the prime factors of 9078578?
2, 17, 267017
What are the prime factors of 6064332?
2, 3, 107, 4723
What are the prime factors of 255097?
255097
What are the prime factors of 1283424?
2, 3, 29, 461
What are the prime factors of 1144971?
3, 127219
List the prime factors of 788153.
788153
List the prime factors of 541073.
13, 41621
List the prime factors of 3461860.
2, 5, 179, 967
What are the prime factors of 456120?
2, 3, 5, 7, 181
List the prime factors of 879005.
5, 31, 53, 107
List the prime factors of 1607273.
1607273
List the prime factors of 1362486.
2, 3, 227081
What are the prime factors of 1678367?
1678367
What are the prime factors of 13828753?
131, 105563
List the prime factors of 2806568.
2, 461, 761
List the prime factors of 136110.
2, 3, 5, 13, 349
List the prime factors of 881877.
3, 61, 79
What are the prime factors of 12787734?
2, 3, 53, 40213
List the prime factors of 15117783.
3, 809, 6229
What are the prime factors of 9543164?
2, 31, 76961
List the prime factors of 2038780.
2, 5, 101939
List the prime factors of 37926.
2, 3, 7, 43
What are the prime factors of 6904893?
3, 53, 43427
What are the prime factors of 319446?
2, 3, 17747
What are the prime factors of 5462867?
5462867
What are the prime factors of 141284?
2, 11, 13, 19
What are the prime factors of 660878?
2, 330439
What